s divided by 2642.
1863
What is the remainder when 5722198 is divided by 209?
196
What is the remainder when 388043 is divided by 77330?
1393
What is the remainder when 309586 is divided by 154777?
32
Calculate the remainder when 2344724 is divided by 8227.
29
What is the remainder when 3551645 is divided by 1775819?
7
What is the remainder when 428574733 is divided by 840?
13
What is the remainder when 48967552 is divided by 742?
4
Calculate the remainder when 46844078 is divided by 10.
8
Calculate the remainder when 2715455 is divided by 3058.
3009
What is the remainder when 435225 is divided by 145070?
15
What is the remainder when 2164078 is divided by 928?
910
What is the remainder when 467377 is divided by 111?
67
What is the remainder when 38094364 is divided by 17?
16
Calculate the remainder when 6926709 is divided by 16414.
1
Calculate the remainder when 72985746 is divided by 24.
18
Calculate the remainder when 114133 is divided by 246.
235
Calculate the remainder when 9926053 is divided by 10.
3
What is the remainder when 548761 is divided by 546991?
1770
What is the remainder when 12172370 is divided by 225414?
14
Calculate the remainder when 2118 is divided by 127.
86
Calculate the remainder when 147211556 is divided by 563.
5
What is the remainder when 1587413 is divided by 1690?
503
Calculate the remainder when 123812 is divided by 6114.
1532
What is the remainder when 2341360 is divided by 10890?
10
Calculate the remainder when 56515 is divided by 6272.
67
Calculate the remainder when 1100042 is divided by 9821.
90
Calculate the remainder when 328299 is divided by 640.
619
Calculate the remainder when 46444889 is divided by 15.
14
What is the remainder when 105216 is divided by 52607?
2
What is the remainder when 7635436 is divided by 12?
4
Calculate the remainder when 63999 is divided by 63165.
834
What is the remainder when 63343 is divided by 31664?
15
Calculate the remainder when 84203 is divided by 877.
11
What is the remainder when 335488 is divided by 33545?
38
What is the remainder when 20568327 is divided by 302?
13
What is the remainder when 3216488 is divided by 82474?
2
What is the remainder when 80411659 is divided by 87?
82
What is the remainder when 103982826 is divided by 644?
10
Calculate the remainder when 17390290 is divided by 405.
400
Calculate the remainder when 15163726 is divided by 1126.
1010
What is the remainder when 2775294 is divided by 1245?
189
Calculate the remainder when 1759561 is divided by 83786.
55
Calculate the remainder when 45765 is divided by 14925.
990
What is the remainder when 3669801 is divided by 166808?
25
What is the remainder when 480610 is divided by 34?
20
What is the remainder when 239576 is divided by 132?
128
Calculate the remainder when 11870729 is divided by 605.
24
What is the remainder when 430140 is divided by 618?
12
Calculate the remainder when 179472 is divided by 8276.
5676
What is the remainder when 573237 is divided by 121?
60
What is the remainder when 904306 is divided by 106?
20
What is the remainder when 311626 is divided by 305?
221
Calculate the remainder when 34063 is divided by 3709.
682
Calculate the remainder when 3305979 is divided by 133.
131
Calculate the remainder when 16014024 is divided by 307962.
0
Calculate the remainder when 3041353 is divided by 61.
15
What is the remainder when 10117397 is divided by 15353?
15123
What is the remainder when 56678195 is divided by 63?
56
What is the remainder when 28393263 is divided by 799?
798
Calculate the remainder when 463386584 is divided by 28.
24
Calculate the remainder when 34641 is divided by 34329.
312
What is the remainder when 2072558 is divided by 414500?
58
What is the remainder when 2116011 is divided by 487?
483
What is the remainder when 963756 is divided by 734?
14
Calculate the remainder when 18655 is divided by 2505.
1120
What is the remainder when 260674655 is divided by 179?
177
What is the remainder when 56716989 is divided by 28358486?
17
Calculate the remainder when 24296014 is divided by 131.
99
What is the remainder when 47148036 is divided by 602?
600
Calculate the remainder when 1238076 is divided by 1238018.
58
What is the remainder when 3919690 is divided by 1959817?
56
What is the remainder when 10161916 is divided by 2882?
2866
Calculate the remainder when 21238655 is divided by 1519.
1516
Calculate the remainder when 11249507 is divided by 18086.
15
Calculate the remainder when 578537 is divided by 122.
13
What is the remainder when 2997548 is divided by 165?
158
Calculate the remainder when 849623 is divided by 56635.
98
What is the remainder when 7818 is divided by 2301?
915
What is the remainder when 664939 is divided by 241?
20
What is the remainder when 25165 is divided by 12452?
261
Calculate the remainder when 913662 is divided by 312.
126
Calculate the remainder when 214680 is divided by 2649.
111
What is the remainder when 1081408 is divided by 957?
955
Calculate the remainder when 591879 is divided by 2286.
2091
What is the remainder when 801696 is divided by 266864?
1104
Calculate the remainder when 21271433 is divided by 5774.
17
What is the remainder when 113826 is divided by 6236?
1578
Calculate the remainder when 24175191 is divided by 6.
3
What is the remainder when 40959 is divided by 7898?
1469
Calculate the remainder when 458558 is divided by 852.
182
What is the remainder when 20507752 is divided by 5335?
12
What is the remainder when 60414 is divided by 11866?
1084
Calculate the remainder when 370687 is divided by 4029.
19
What is the remainder when 92544550 is divided by 3097?
3093
Calculate the remainder when 765638 is divided by 2334.
86
Calculate the remainder when 104151599 is divided by 840.
839
What is the remainder when 52919 is divided by 8760?
359
What is the remainder when 125416 is divided by 24879?
1021
What is the remainder when 580396 is divided by 91?
89
What is the remainder when 664056 is divided by 221121?
693
Calculate the remainder when 68071 is divided by 1041.
406
Calculate the remainder when 33736472 is divided by 18.
8
Calculate the remainder when 38200 is divided by 462.
316
Calculate the remainder when 26737135 is divided by 38.
31
What is the remainder when 1350203 is divided by 768?
59
Calculate the remainder when 61585 is divided by 9976.
1729
Calculate the remainder when 64392237 is divided by 114.
21
What is the remainder when 234043 is divided by 70?
33
What is the remainder when 34793744 is divided by 51394?
6
Calculate the remainder when 731303 is divided by 66482.
1
Calculate the remainder when 189740 is divided by 498.
2
Calculate the remainder when 5255536 is divided by 287.
279
What is the remainder when 16345326 is divided by 1796?
1726
Calculate the remainder when 18671793 is divided by 1859.
1856
What is the remainder when 113940987 is divided by 31?
22
Calculate the remainder when 105089531 is divided by 114.
113
Calculate the remainder when 28082319 is divided by 2333.
2331
What is the remainder when 100982 is divided by 7437?
4301
Calculate the remainder when 7401510 is divided by 2620.
10
Calculate the remainder when 34160877 is divided by 312.
309
Calculate the remainder when 70172129 is divided by 3278.
3261
Calculate the remainder when 200405 is divided by 571.
555
Calculate the remainder when 18186297 is divided by 220.
217
Calculate the remainder when 230300 is divided by 462.
224
Calculate the remainder when 947914 is divided by 105323.
7
What is the remainder when 146321 is divided by 48496?
833
What is the remainder when 610223 is divided by 633?
11
What is the remainder when 2524856 is divided by 31?
30
Calculate the remainder when 341143371 is divided by 1261.
1258
What is the remainder when 2746034 is divided by 164?
18
Calculate the remainder when 139680812 is divided by 1277.
1275
Calculate the remainder when 52925 is divided by 2557.
1785
What is the remainder when 2299285 is divided by 574340?
1925
What is the remainder when 58986 is divided by 8352?
522
Calculate the remainder when 99707 is divided by 3498.
1763
What is the remainder when 11025163 is divided by 1257?
16
What is the remainder when 59290648 is divided by 666?
664
What is the remainder when 57770515 is divided by 56?
19
Calcula